{"id":253,"date":"2025-12-19T07:36:20","date_gmt":"2025-12-19T07:36:20","guid":{"rendered":"https:\/\/jobpazi.in\/adiem-ag\/?page_id=253"},"modified":"2026-02-10T09:12:30","modified_gmt":"2026-02-10T09:12:30","slug":"kontaktieren-sie-uns","status":"publish","type":"page","link":"https:\/\/adiem-ag.com\/index.php\/kontaktieren-sie-uns\/","title":{"rendered":"Kontaktieren Sie uns"},"content":{"rendered":"\t\t<div data-elementor-type=\"wp-page\" data-elementor-id=\"253\" class=\"elementor elementor-253\">\n\t\t\t\t<div class=\"elementor-element elementor-element-1e72ca1 e-flex e-con-boxed e-con e-parent\" data-id=\"1e72ca1\" data-element_type=\"container\" data-settings=\"{&quot;background_background&quot;:&quot;classic&quot;}\">\n\t\t\t\t\t<div class=\"e-con-inner\">\n\t\t<div class=\"elementor-element elementor-element-0a6a28a e-con-full e-flex e-con e-child\" data-id=\"0a6a28a\" data-element_type=\"container\" data-settings=\"{&quot;position&quot;:&quot;absolute&quot;}\">\n\t\t<div class=\"elementor-element elementor-element-8e03934 e-con-full e-flex e-con e-child\" data-id=\"8e03934\" data-element_type=\"container\">\n\t\t\t\t<div class=\"elementor-element elementor-element-8aa26a3 elementor-widget elementor-widget-heading\" data-id=\"8aa26a3\" data-element_type=\"widget\" data-widget_type=\"heading.default\">\n\t\t\t\t\t<h2 class=\"elementor-heading-title elementor-size-default\">Kundensupport<\/h2>\t\t\t\t<\/div>\n\t\t\t\t<div class=\"elementor-element elementor-element-8e87bf1 elementor-widget elementor-widget-heading\" data-id=\"8e87bf1\" data-element_type=\"widget\" data-widget_type=\"heading.default\">\n\t\t\t\t\t<h2 class=\"elementor-heading-title elementor-size-default\">Wir w\u00fcrden uns freuen, von Ihnen zu h\u00f6ren.<\/h2>\t\t\t\t<\/div>\n\t\t\t\t<\/div>\n\t\t\t\t<\/div>\n\t\t\t\t\t<\/div>\n\t\t\t\t<\/div>\n\t\t<div class=\"elementor-element elementor-element-b6660ce e-con-full e-flex e-con e-parent\" data-id=\"b6660ce\" data-element_type=\"container\" data-settings=\"{&quot;background_background&quot;:&quot;classic&quot;}\">\n\t\t<div class=\"elementor-element elementor-element-6eb62b7 e-grid e-con-boxed e-con e-child\" data-id=\"6eb62b7\" data-element_type=\"container\" data-settings=\"{&quot;background_background&quot;:&quot;classic&quot;}\">\n\t\t\t\t\t<div class=\"e-con-inner\">\n\t\t\t\t<div class=\"elementor-element elementor-element-88f86e5 elementor-widget__width-inherit elementor-invisible elementor-widget elementor-widget-image\" data-id=\"88f86e5\" data-element_type=\"widget\" data-settings=\"{&quot;_animation&quot;:&quot;slideInUp&quot;}\" data-widget_type=\"image.default\">\n\t\t\t\t\t\t\t\t\t\t\t\t\t\t\t<img fetchpriority=\"high\" decoding=\"async\" width=\"597\" height=\"615\" src=\"https:\/\/adiem-ag.com\/wp-content\/uploads\/2026\/01\/Frame-1707485022.png\" class=\"attachment-full size-full wp-image-1197\" alt=\"\" srcset=\"https:\/\/adiem-ag.com\/wp-content\/uploads\/2026\/01\/Frame-1707485022.png 597w, https:\/\/adiem-ag.com\/wp-content\/uploads\/2026\/01\/Frame-1707485022-291x300.png 291w\" sizes=\"(max-width: 597px) 100vw, 597px\" \/>\t\t\t\t\t\t\t\t\t\t\t\t\t\t\t<\/div>\n\t\t<div class=\"elementor-element elementor-element-bb533cc e-con-full e-flex e-con e-child\" data-id=\"bb533cc\" data-element_type=\"container\">\n\t\t<div class=\"elementor-element elementor-element-083528a e-flex e-con-boxed e-con e-child\" data-id=\"083528a\" data-element_type=\"container\">\n\t\t\t\t\t<div class=\"e-con-inner\">\n\t\t\t\t<div class=\"elementor-element elementor-element-f6fc3a9 elementor-widget elementor-widget-heading\" data-id=\"f6fc3a9\" data-element_type=\"widget\" data-widget_type=\"heading.default\">\n\t\t\t\t\t<h2 class=\"elementor-heading-title elementor-size-default\">Melden Sie sich gerne.<\/h2>\t\t\t\t<\/div>\n\t\t\t\t<div class=\"elementor-element elementor-element-55b0d6e elementor-widget elementor-widget-shortcode\" data-id=\"55b0d6e\" data-element_type=\"widget\" data-widget_type=\"shortcode.default\">\n\t\t\t\t\t\t\t<div class=\"elementor-shortcode\">\n<div class=\"wpcf7 no-js\" id=\"wpcf7-f1132-o1\" lang=\"en-US\" dir=\"ltr\" data-wpcf7-id=\"1132\">\n<div class=\"screen-reader-response\"><p role=\"status\" aria-live=\"polite\" aria-atomic=\"true\"><\/p> <ul><\/ul><\/div>\n<form action=\"\/index.php\/wp-json\/wp\/v2\/pages\/253#wpcf7-f1132-o1\" method=\"post\" class=\"wpcf7-form init\" aria-label=\"Contact form\" novalidate=\"novalidate\" data-status=\"init\">\n<fieldset class=\"hidden-fields-container\"><input type=\"hidden\" name=\"_wpcf7\" value=\"1132\" \/><input type=\"hidden\" name=\"_wpcf7_version\" value=\"6.1.4\" \/><input type=\"hidden\" name=\"_wpcf7_locale\" value=\"en_US\" \/><input type=\"hidden\" name=\"_wpcf7_unit_tag\" value=\"wpcf7-f1132-o1\" \/><input type=\"hidden\" name=\"_wpcf7_container_post\" value=\"0\" \/><input type=\"hidden\" name=\"_wpcf7_posted_data_hash\" value=\"\" \/>\n<\/fieldset>\n<div class=\"contact-form-data\">\n\t<div class=\"form-col-2\">\n\t\t<p><label> Ihr Name<br \/>\n<span class=\"wpcf7-form-control-wrap\" data-name=\"text-976\"><input size=\"40\" maxlength=\"400\" class=\"wpcf7-form-control wpcf7-text wpcf7-validates-as-required\" autocomplete=\"name\" aria-required=\"true\" aria-invalid=\"false\" placeholder=\"Geben Sie Ihren Namen ein\" value=\"\" type=\"text\" name=\"text-976\" \/><\/span><br \/>\n<\/label>\n\t\t<\/p>\n\t\t<p><label> Email<br \/>\n<span class=\"wpcf7-form-control-wrap\" data-name=\"email-646\"><input size=\"40\" maxlength=\"400\" class=\"wpcf7-form-control wpcf7-email wpcf7-text wpcf7-validates-as-email\" aria-invalid=\"false\" placeholder=\"Geben Sie Ihre E-Mail-Adresse ein\" value=\"\" type=\"email\" name=\"email-646\" \/><\/span><br \/>\n<\/label>\n\t\t<\/p>\n\t<\/div>\n\t<p><label> Telefonnr<br \/>\n<span class=\"wpcf7-form-control-wrap\" data-name=\"tel-856\"><input size=\"40\" maxlength=\"400\" class=\"wpcf7-form-control wpcf7-tel wpcf7-text wpcf7-validates-as-tel\" aria-invalid=\"false\" placeholder=\"Eingeben\" value=\"\" type=\"tel\" name=\"tel-856\" \/><\/span><br \/>\n<\/label>\n\t<\/p>\n\t<p><label> Thema<br \/>\n<span class=\"wpcf7-form-control-wrap\" data-name=\"select-19\"><select class=\"wpcf7-form-control wpcf7-select\" aria-invalid=\"false\" name=\"select-19\"><option value=\"\">Eingeben<\/option><option value=\"Option 2\">Option 2<\/option><option value=\"Option 3\">Option 3<\/option><\/select><\/span><br \/>\n<\/label>\n\t<\/p>\n\t<p><label> Nachricht<br \/>\n<span class=\"wpcf7-form-control-wrap\" data-name=\"textarea-822\"><textarea cols=\"40\" rows=\"10\" maxlength=\"2000\" class=\"wpcf7-form-control wpcf7-textarea\" aria-invalid=\"false\" placeholder=\"Nachricht\" name=\"textarea-822\"><\/textarea><\/span><br \/>\n<\/label>\n\t<\/p>\n\t<div class=\"subbtn\">\n\t\t<p><input class=\"wpcf7-form-control wpcf7-submit has-spinner\" type=\"submit\" value=\"Anfrage senden\" \/><br \/>\n<img decoding=\"async\" src=\"https:\/\/jobpazi.in\/adiem-ag\/wp-content\/uploads\/2026\/01\/teenyicons_send-solid.png\" alt=\"subico\" \/>\n\t\t<\/p>\n\t<\/div>\n<\/div><div class=\"wpcf7-response-output\" aria-hidden=\"true\"><\/div>\n<\/form>\n<\/div>\n<\/div>\n\t\t\t\t\t\t<\/div>\n\t\t\t\t\t<\/div>\n\t\t\t\t<\/div>\n\t\t\t\t<\/div>\n\t\t\t\t\t<\/div>\n\t\t\t\t<\/div>\n\t\t\t\t<\/div>\n\t\t<div class=\"elementor-element elementor-element-b7bde85 e-con-full e-flex e-con e-parent\" data-id=\"b7bde85\" data-element_type=\"container\" data-settings=\"{&quot;background_background&quot;:&quot;classic&quot;}\">\n\t\t<div class=\"elementor-element elementor-element-1db236c e-flex e-con-boxed e-con e-child\" data-id=\"1db236c\" data-element_type=\"container\">\n\t\t\t\t\t<div class=\"e-con-inner\">\n\t\t<div class=\"elementor-element elementor-element-12ec1c5 e-grid e-con-full contact-grid e-con e-child\" data-id=\"12ec1c5\" data-element_type=\"container\">\n\t\t<div class=\"elementor-element elementor-element-3f5d898 e-con-full e-flex e-con e-child\" data-id=\"3f5d898\" data-element_type=\"container\" data-settings=\"{&quot;shape_divider_top&quot;:&quot;arrow&quot;}\">\n\t\t\t\t<div class=\"elementor-shape elementor-shape-top\" aria-hidden=\"true\" data-negative=\"false\">\n\t\t\t<svg xmlns=\"http:\/\/www.w3.org\/2000\/svg\" viewBox=\"0 0 700 10\" preserveAspectRatio=\"none\">\n\t<path class=\"elementor-shape-fill\" d=\"M350,10L340,0h20L350,10z\"\/>\n<\/svg>\t\t<\/div>\n\t\t\t\t<div class=\"elementor-element elementor-element-c8fb52a elementor-invisible elementor-widget elementor-widget-image\" data-id=\"c8fb52a\" data-element_type=\"widget\" data-settings=\"{&quot;_animation&quot;:&quot;slideInUp&quot;}\" data-widget_type=\"image.default\">\n\t\t\t\t\t\t\t\t\t\t\t\t\t\t\t<img decoding=\"async\" width=\"41\" height=\"41\" src=\"https:\/\/adiem-ag.com\/wp-content\/uploads\/2026\/01\/ic_baseline-email.png\" class=\"attachment-large size-large wp-image-1160\" alt=\"\" \/>\t\t\t\t\t\t\t\t\t\t\t\t\t\t\t<\/div>\n\t\t\t\t<div class=\"elementor-element elementor-element-603e69f elementor-widget elementor-widget-heading\" data-id=\"603e69f\" data-element_type=\"widget\" data-widget_type=\"heading.default\">\n\t\t\t\t\t<h2 class=\"elementor-heading-title elementor-size-default\">Email Support<\/h2>\t\t\t\t<\/div>\n\t\t\t\t<div class=\"elementor-element elementor-element-4ff1777 elementor-widget elementor-widget-text-editor\" data-id=\"4ff1777\" data-element_type=\"widget\" data-widget_type=\"text-editor.default\">\n\t\t\t\t\t\t\t\t\t<p>Bei Produktanfragen, R\u00fccksendungen oder Bestellaktualisierungen kontaktieren Sie uns bitte unter:<\/p>\t\t\t\t\t\t\t\t<\/div>\n\t\t\t\t<div class=\"elementor-element elementor-element-0184340 elementor-widget elementor-widget-heading\" data-id=\"0184340\" data-element_type=\"widget\" data-widget_type=\"heading.default\">\n\t\t\t\t\t<h2 class=\"elementor-heading-title elementor-size-default\"><a href=\"\">admel777@gmail.com<\/a><\/h2>\t\t\t\t<\/div>\n\t\t\t\t<div class=\"elementor-element elementor-element-38caf32 elementor-widget elementor-widget-text-editor\" data-id=\"38caf32\" data-element_type=\"widget\" data-widget_type=\"text-editor.default\">\n\t\t\t\t\t\t\t\t\t<p>Reaktionszeit: Innerhalb von 24\u201348 Stunden (Werktagen)<\/p>\t\t\t\t\t\t\t\t<\/div>\n\t\t\t\t<\/div>\n\t\t<div class=\"elementor-element elementor-element-c3cc0b9 e-con-full e-flex e-con e-child\" data-id=\"c3cc0b9\" data-element_type=\"container\">\n\t\t\t\t<div class=\"elementor-element elementor-element-6ec6419 elementor-invisible elementor-widget elementor-widget-image\" data-id=\"6ec6419\" data-element_type=\"widget\" data-settings=\"{&quot;_animation&quot;:&quot;slideInUp&quot;}\" data-widget_type=\"image.default\">\n\t\t\t\t\t\t\t\t\t\t\t\t\t\t\t<img decoding=\"async\" width=\"41\" height=\"41\" src=\"https:\/\/adiem-ag.com\/wp-content\/uploads\/2026\/01\/ic_baseline-call.png\" class=\"attachment-large size-large wp-image-1170\" alt=\"\" \/>\t\t\t\t\t\t\t\t\t\t\t\t\t\t\t<\/div>\n\t\t\t\t<div class=\"elementor-element elementor-element-de0dd95 elementor-widget elementor-widget-heading\" data-id=\"de0dd95\" data-element_type=\"widget\" data-widget_type=\"heading.default\">\n\t\t\t\t\t<h2 class=\"elementor-heading-title elementor-size-default\">Telefonsupport<\/h2>\t\t\t\t<\/div>\n\t\t\t\t<div class=\"elementor-element elementor-element-bf6a7d5 elementor-widget elementor-widget-text-editor\" data-id=\"bf6a7d5\" data-element_type=\"widget\" data-widget_type=\"text-editor.default\">\n\t\t\t\t\t\t\t\t\t<p>Unsere Kundendienstmitarbeiter stehen Ihnen gerne zur Verf\u00fcgung:<\/p>\t\t\t\t\t\t\t\t<\/div>\n\t\t\t\t<div class=\"elementor-element elementor-element-598b874 elementor-widget elementor-widget-text-editor\" data-id=\"598b874\" data-element_type=\"widget\" data-widget_type=\"text-editor.default\">\n\t\t\t\t\t\t\t\t\t<p>Nur nach Vereinbarung, bitte rufen Sie 078 615 66 60 an.<\/p>\t\t\t\t\t\t\t\t<\/div>\n\t\t\t\t<div class=\"elementor-element elementor-element-a49c63a elementor-widget elementor-widget-text-editor\" data-id=\"a49c63a\" data-element_type=\"widget\" data-widget_type=\"text-editor.default\">\n\t\t\t\t\t\t\t\t\t<p>Verf\u00fcgbar Montag\u2013Freitag, 9:00\u201318:00 Uhr (MEZ)<\/p>\t\t\t\t\t\t\t\t<\/div>\n\t\t\t\t<\/div>\n\t\t<div class=\"elementor-element elementor-element-9cfef77 e-con-full e-flex e-con e-child\" data-id=\"9cfef77\" data-element_type=\"container\">\n\t\t\t\t<div class=\"elementor-element elementor-element-6fab722 elementor-invisible elementor-widget elementor-widget-image\" data-id=\"6fab722\" data-element_type=\"widget\" data-settings=\"{&quot;_animation&quot;:&quot;slideInUp&quot;}\" data-widget_type=\"image.default\">\n\t\t\t\t\t\t\t\t\t\t\t\t\t\t\t<img decoding=\"async\" width=\"41\" height=\"41\" src=\"https:\/\/adiem-ag.com\/wp-content\/uploads\/2026\/01\/ic_baseline-email.png\" class=\"attachment-large size-large wp-image-1160\" alt=\"\" \/>\t\t\t\t\t\t\t\t\t\t\t\t\t\t\t<\/div>\n\t\t\t\t<div class=\"elementor-element elementor-element-bbcb91b elementor-widget elementor-widget-heading\" data-id=\"bbcb91b\" data-element_type=\"widget\" data-widget_type=\"heading.default\">\n\t\t\t\t\t<h2 class=\"elementor-heading-title elementor-size-default\">H\u00e4ndlerunterst\u00fctzung<\/h2>\t\t\t\t<\/div>\n\t\t\t\t<div class=\"elementor-element elementor-element-31d1cbc elementor-widget elementor-widget-text-editor\" data-id=\"31d1cbc\" data-element_type=\"widget\" data-widget_type=\"text-editor.default\">\n\t\t\t\t\t\t\t\t\t<p>Bei Produktanfragen, R\u00fccksendungen oder Bestellaktualisierungen kontaktieren Sie uns bitte unter:<\/p>\t\t\t\t\t\t\t\t<\/div>\n\t\t\t\t<div class=\"elementor-element elementor-element-095dc84 elementor-widget elementor-widget-text-editor\" data-id=\"095dc84\" data-element_type=\"widget\" data-widget_type=\"text-editor.default\">\n\t\t\t\t\t\t\t\t\t<p>Red 14<br \/>8730 Uznach<br \/>Switzerland<\/p>\t\t\t\t\t\t\t\t<\/div>\n\t\t\t\t<\/div>\n\t\t\t\t<\/div>\n\t\t\t\t\t<\/div>\n\t\t\t\t<\/div>\n\t\t\t\t<\/div>\n\t\t\t\t<\/div>\n\t\t","protected":false},"excerpt":{"rendered":"<p>Kundensupport Wir w\u00fcrden uns freuen, von Ihnen zu h\u00f6ren. Melden Sie sich gerne. Email Support Bei Produktanfragen, R\u00fccksendungen oder Bestellaktualisierungen kontaktieren Sie uns bitte unter: admel777@gmail.com Reaktionszeit: Innerhalb von 24\u201348 Stunden (Werktagen) Telefonsupport Unsere Kundendienstmitarbeiter stehen Ihnen gerne zur Verf\u00fcgung: Nur nach Vereinbarung, bitte rufen Sie 078 615 66 60 an. Verf\u00fcgbar Montag\u2013Freitag, 9:00\u201318:00 Uhr [&hellip;]<\/p>\n","protected":false},"author":1,"featured_media":0,"parent":0,"menu_order":0,"comment_status":"closed","ping_status":"closed","template":"","meta":{"footnotes":""},"class_list":["post-253","page","type-page","status-publish","hentry"],"jetpack_sharing_enabled":true,"_links":{"self":[{"href":"https:\/\/adiem-ag.com\/index.php\/wp-json\/wp\/v2\/pages\/253","targetHints":{"allow":["GET"]}}],"collection":[{"href":"https:\/\/adiem-ag.com\/index.php\/wp-json\/wp\/v2\/pages"}],"about":[{"href":"https:\/\/adiem-ag.com\/index.php\/wp-json\/wp\/v2\/types\/page"}],"author":[{"embeddable":true,"href":"https:\/\/adiem-ag.com\/index.php\/wp-json\/wp\/v2\/users\/1"}],"replies":[{"embeddable":true,"href":"https:\/\/adiem-ag.com\/index.php\/wp-json\/wp\/v2\/comments?post=253"}],"version-history":[{"count":112,"href":"https:\/\/adiem-ag.com\/index.php\/wp-json\/wp\/v2\/pages\/253\/revisions"}],"predecessor-version":[{"id":1763,"href":"https:\/\/adiem-ag.com\/index.php\/wp-json\/wp\/v2\/pages\/253\/revisions\/1763"}],"wp:attachment":[{"href":"https:\/\/adiem-ag.com\/index.php\/wp-json\/wp\/v2\/media?parent=253"}],"curies":[{"name":"wp","href":"https:\/\/api.w.org\/{rel}","templated":true}]}}